[INFO] cloning repository https://github.com/Tfauves/anchor_escrow
[INFO] running `Command { std: "git" "-c" "credential.helper=" "-c" "credential.helper=/workspace/cargo-home/bin/git-credential-null" "clone" "--bare" "https://github.com/Tfauves/anchor_escrow" "/workspace/cache/git-repos/https%3A%2F%2Fgithub.com%2FTfauves%2Fanchor_escrow", kill_on_drop: false }`
[INFO] [stderr] Cloning into bare repository '/workspace/cache/git-repos/https%3A%2F%2Fgithub.com%2FTfauves%2Fanchor_escrow'...
[INFO] running `Command { std: "git" "rev-parse" "HEAD", kill_on_drop: false }`
[INFO] [stdout] 37a7ac9b353c93465683ee450e2c7de7862cbd61
[INFO] checking Tfauves/anchor_escrow against master#9610dfe5a9a731ced1ea4923ecbd0c57fe367898 for beta-170-4
[INFO] running `Command { std: "git" "clone" "/workspace/cache/git-repos/https%3A%2F%2Fgithub.com%2FTfauves%2Fanchor_escrow" "/workspace/builds/worker-7-tc1/source", kill_on_drop: false }`
[INFO] [stderr] Cloning into '/workspace/builds/worker-7-tc1/source'...
[INFO] [stderr] done.
[INFO] validating manifest of git repo https://github.com/Tfauves/anchor_escrow on toolchain 9610dfe5a9a731ced1ea4923ecbd0c57fe367898
[INFO] running `Command { std: CARGO_HOME="/workspace/cargo-home" RUSTUP_HOME="/workspace/rustup-home" "/workspace/cargo-home/bin/cargo" "+9610dfe5a9a731ced1ea4923ecbd0c57fe367898" "metadata" "--manifest-path" "Cargo.toml" "--no-deps", kill_on_drop: false }`
[INFO] started tweaking git repo https://github.com/Tfauves/anchor_escrow
[INFO] finished tweaking git repo https://github.com/Tfauves/anchor_escrow
[INFO] tweaked toml for git repo https://github.com/Tfauves/anchor_escrow written to /workspace/builds/worker-7-tc1/source/Cargo.toml
[INFO] crate git repo https://github.com/Tfauves/anchor_escrow already has a lockfile, it will not be regenerated
[INFO] running `Command { std: CARGO_HOME="/workspace/cargo-home" RUSTUP_HOME="/workspace/rustup-home" "/workspace/cargo-home/bin/cargo" "+9610dfe5a9a731ced1ea4923ecbd0c57fe367898" "fetch" "--manifest-path" "Cargo.toml", kill_on_drop: false }`
[INFO] [stderr] warning: profiles for the non root package will be ignored, specify profiles at the workspace root:
[INFO] [stderr] package:   /workspace/builds/worker-7-tc1/source/programs/anchor_escrow01/Cargo.toml
[INFO] [stderr] workspace: /workspace/builds/worker-7-tc1/source/Cargo.toml
[INFO] running `Command { std: "docker" "create" "-v" "/var/lib/crater-agent-workspace/builds/worker-7-tc1/target:/opt/rustwide/target:rw,Z" "-v" "/var/lib/crater-agent-workspace/builds/worker-7-tc1/source:/opt/rustwide/workdir:ro,Z" "-v" "/var/lib/crater-agent-workspace/cargo-home:/opt/rustwide/cargo-home:ro,Z" "-v" "/var/lib/crater-agent-workspace/rustup-home:/opt/rustwide/rustup-home:ro,Z" "-e" "SOURCE_DIR=/opt/rustwide/workdir" "-e" "CARGO_TARGET_DIR=/opt/rustwide/target" "-e" "CARGO_HOME=/opt/rustwide/cargo-home" "-e" "RUSTUP_HOME=/opt/rustwide/rustup-home" "-w" "/opt/rustwide/workdir" "-m" "1610612736" "--user" "0:0" "--network" "none" "ghcr.io/rust-lang/crates-build-env/linux@sha256:19e73879b68f455e41552ea35293514db52ea292d993f571636dbffedb77a1ee" "/opt/rustwide/cargo-home/bin/cargo" "+9610dfe5a9a731ced1ea4923ecbd0c57fe367898" "metadata" "--no-deps" "--format-version=1", kill_on_drop: false }`
[INFO] [stdout] 4dd6cf41aed983c36edb0b5e96171cb7a94399ce6f3fe04c092c16f34c885ce6
[INFO] running `Command { std: "docker" "start" "-a" "4dd6cf41aed983c36edb0b5e96171cb7a94399ce6f3fe04c092c16f34c885ce6", kill_on_drop: false }`
[INFO] running `Command { std: "docker" "inspect" "4dd6cf41aed983c36edb0b5e96171cb7a94399ce6f3fe04c092c16f34c885ce6", kill_on_drop: false }`
[INFO] running `Command { std: "docker" "rm" "-f" "4dd6cf41aed983c36edb0b5e96171cb7a94399ce6f3fe04c092c16f34c885ce6", kill_on_drop: false }`
[INFO] [stdout] 4dd6cf41aed983c36edb0b5e96171cb7a94399ce6f3fe04c092c16f34c885ce6
[INFO] running `Command { std: "docker" "create" "-v" "/var/lib/crater-agent-workspace/builds/worker-7-tc1/target:/opt/rustwide/target:rw,Z" "-v" "/var/lib/crater-agent-workspace/builds/worker-7-tc1/source:/opt/rustwide/workdir:ro,Z" "-v" "/var/lib/crater-agent-workspace/cargo-home:/opt/rustwide/cargo-home:ro,Z" "-v" "/var/lib/crater-agent-workspace/rustup-home:/opt/rustwide/rustup-home:ro,Z" "-e" "SOURCE_DIR=/opt/rustwide/workdir" "-e" "CARGO_TARGET_DIR=/opt/rustwide/target" "-e" "CARGO_INCREMENTAL=0" "-e" "RUST_BACKTRACE=full" "-e" "RUSTFLAGS=--cap-lints=forbid" "-e" "RUSTDOCFLAGS=--cap-lints=forbid" "-e" "CARGO_HOME=/opt/rustwide/cargo-home" "-e" "RUSTUP_HOME=/opt/rustwide/rustup-home" "-w" "/opt/rustwide/workdir" "-m" "1610612736" "--user" "0:0" "--network" "none" "ghcr.io/rust-lang/crates-build-env/linux@sha256:19e73879b68f455e41552ea35293514db52ea292d993f571636dbffedb77a1ee" "/opt/rustwide/cargo-home/bin/cargo" "+9610dfe5a9a731ced1ea4923ecbd0c57fe367898" "check" "--frozen" "--all" "--all-targets" "--message-format=json", kill_on_drop: false }`
[INFO] [stdout] d1671e99813bb1e67ab8d0d0c49fda49cf8c8157d14232cd1c77a9bd2e8147c4
[INFO] running `Command { std: "docker" "start" "-a" "d1671e99813bb1e67ab8d0d0c49fda49cf8c8157d14232cd1c77a9bd2e8147c4", kill_on_drop: false }`
[INFO] [stderr] warning: profiles for the non root package will be ignored, specify profiles at the workspace root:
[INFO] [stderr] package:   /opt/rustwide/workdir/programs/anchor_escrow01/Cargo.toml
[INFO] [stderr] workspace: /opt/rustwide/workdir/Cargo.toml
[INFO] [stderr]    Compiling proc-macro2 v1.0.39
[INFO] [stderr]    Compiling unicode-ident v1.0.0
[INFO] [stderr]    Compiling syn v1.0.96
[INFO] [stderr]    Compiling serde_derive v1.0.137
[INFO] [stderr]    Compiling serde v1.0.137
[INFO] [stderr]    Compiling libc v0.2.126
[INFO] [stderr]    Compiling semver v1.0.10
[INFO] [stderr]    Compiling memchr v2.5.0
[INFO] [stderr]    Compiling log v0.4.17
[INFO] [stderr]    Compiling anyhow v1.0.57
[INFO] [stderr]    Compiling serde_json v1.0.81
[INFO] [stderr]    Compiling itoa v1.0.2
[INFO] [stderr]    Compiling ryu v1.0.10
[INFO] [stderr]    Compiling getrandom v0.1.16
[INFO] [stderr]    Compiling wasm-bindgen-shared v0.2.80
[INFO] [stderr]    Compiling rustc_version v0.4.0
[INFO] [stderr]     Checking regex-syntax v0.6.26
[INFO] [stderr]     Checking rand_core v0.5.1
[INFO] [stderr]     Checking aho-corasick v0.7.18
[INFO] [stderr]    Compiling lazy_static v1.4.0
[INFO] [stderr]    Compiling quote v1.0.18
[INFO] [stderr]    Compiling bumpalo v3.10.0
[INFO] [stderr]    Compiling solana-frozen-abi-macro v1.9.29
[INFO] [stderr]     Checking atty v0.2.14
[INFO] [stderr]     Checking getrandom v0.2.6
[INFO] [stderr]     Checking once_cell v1.12.0
[INFO] [stderr]     Checking rand_chacha v0.2.2
[INFO] [stderr]    Compiling blake3 v1.3.1
[INFO] [stderr]    Compiling num-traits v0.2.15
[INFO] [stderr]     Checking ahash v0.7.6
[INFO] [stderr]    Compiling solana-frozen-abi v1.9.29
[INFO] [stderr]    Compiling wasm-bindgen v0.2.80
[INFO] [stderr]     Checking rand v0.7.3
[INFO] [stderr]     Checking hashbrown v0.11.2
[INFO] [stderr]    Compiling solana-program v1.9.29
[INFO] [stderr]     Checking memmap2 v0.5.4
[INFO] [stderr]     Checking arrayvec v0.7.2
[INFO] [stderr]     Checking keccak v0.1.2
[INFO] [stderr]     Checking bs58 v0.4.0
[INFO] [stderr]     Checking zeroize v1.3.0
[INFO] [stderr]     Checking itertools v0.10.3
[INFO] [stderr]     Checking regex v1.5.6
[INFO] [stderr]     Checking env_logger v0.9.0
[INFO] [stderr]     Checking solana-logger v1.9.29
[INFO] [stderr]    Compiling proc-macro2-diagnostics v0.9.1
[INFO] [stderr]    Compiling wasm-bindgen-backend v0.2.80
[INFO] [stderr]    Compiling borsh-derive-internal v0.9.3
[INFO] [stderr]    Compiling borsh-schema-derive-internal v0.9.3
[INFO] [stderr]    Compiling wasm-bindgen-macro-support v0.2.80
[INFO] [stderr]    Compiling thiserror-impl v1.0.31
[INFO] [stderr]    Compiling bytemuck_derive v1.1.0
[INFO] [stderr]    Compiling solana-sdk-macro v1.9.29
[INFO] [stderr]    Compiling num-derive v0.3.3
[INFO] [stderr]    Compiling wasm-bindgen-macro v0.2.80
[INFO] [stderr]     Checking bytemuck v1.9.1
[INFO] [stderr]    Compiling thiserror v1.0.31
[INFO] [stderr]     Checking generic-array v0.14.5
[INFO] [stderr]     Checking bv v0.11.1
[INFO] [stderr]     Checking serde_bytes v0.11.6
[INFO] [stderr]     Checking bincode v1.3.3
[INFO] [stderr]    Compiling toml v0.5.9
[INFO] [stderr]     Checking digest v0.9.0
[INFO] [stderr]     Checking block-buffer v0.9.0
[INFO] [stderr]     Checking crypto-mac v0.8.0
[INFO] [stderr]     Checking crypto-common v0.1.3
[INFO] [stderr]     Checking block-buffer v0.10.2
[INFO] [stderr]     Checking hmac v0.8.1
[INFO] [stderr]     Checking sha2 v0.9.9
[INFO] [stderr]     Checking libsecp256k1-core v0.2.2
[INFO] [stderr]     Checking curve25519-dalek v3.2.1
[INFO] [stderr]     Checking digest v0.10.3
[INFO] [stderr]     Checking hmac-drbg v0.3.0
[INFO] [stderr]     Checking sha3 v0.9.1
[INFO] [stderr]    Compiling proc-macro-crate v0.1.5
[INFO] [stderr]    Compiling proc-macro-crate v1.1.3
[INFO] [stderr]    Compiling anchor-syn v0.24.2
[INFO] [stderr]    Compiling libsecp256k1-gen-genmult v0.2.1
[INFO] [stderr]    Compiling libsecp256k1-gen-ecmult v0.2.1
[INFO] [stderr]    Compiling borsh-derive v0.9.3
[INFO] [stderr]    Compiling num_enum_derive v0.5.7
[INFO] [stderr]    Compiling libsecp256k1 v0.6.0
[INFO] [stderr]     Checking borsh v0.9.3
[INFO] [stderr]     Checking num_enum v0.5.7
[INFO] [stderr]    Compiling anchor-attribute-interface v0.24.2
[INFO] [stderr]    Compiling anchor-attribute-event v0.24.2
[INFO] [stderr]    Compiling anchor-attribute-constant v0.24.2
[INFO] [stderr]    Compiling anchor-attribute-error v0.24.2
[INFO] [stderr]    Compiling anchor-attribute-state v0.24.2
[INFO] [stderr]    Compiling anchor-attribute-account v0.24.2
[INFO] [stderr]    Compiling anchor-derive-accounts v0.24.2
[INFO] [stderr]    Compiling anchor-attribute-access-control v0.24.2
[INFO] [stderr]    Compiling anchor-attribute-program v0.24.2
[INFO] [stderr]     Checking spl-token v3.3.0
[INFO] [stderr]     Checking anchor-lang v0.24.2
[INFO] [stderr]     Checking spl-associated-token-account v1.0.5
[INFO] [stderr]     Checking anchor-spl v0.24.2
[INFO] [stderr]     Checking anchor_escrow01 v0.1.0 (/opt/rustwide/workdir/programs/anchor_escrow01)
[INFO] [stdout] error[E0433]: failed to resolve: use of undeclared type `AuthorityType`
[INFO] [stdout]   --> programs/anchor_escrow01/src/lib.rs:35:13
[INFO] [stdout]    |
[INFO] [stdout] 35 |             AuthorityType:: AccountOwner,
[INFO] [stdout]    |             ^^^^^^^^^^^^^ use of undeclared type `AuthorityType`
[INFO] [stdout]    |
[INFO] [stdout] help: consider importing this enum
[INFO] [stdout]    |
[INFO] [stdout] 7  +     use spl_token::instruction::AuthorityType;
[INFO] [stdout]    |
[INFO] [stdout] 
[INFO] [stdout] 
[INFO] [stdout] error[E0412]: cannot find type `TokenAccount` in this scope
[INFO] [stdout]   --> programs/anchor_escrow01/src/lib.rs:72:59
[INFO] [stdout]    |
[INFO] [stdout] 72 |     pub initializer_deposit_token_account: Account<'info, TokenAccount>,
[INFO] [stdout]    |                                                           ^^^^^^^^^^^^ not found in this scope
[INFO] [stdout]    |
[INFO] [stdout] help: consider importing this struct
[INFO] [stdout]    |
[INFO] [stdout] 1  + use anchor_spl::token::TokenAccount;
[INFO] [stdout]    |
[INFO] [stdout] 
[INFO] [stdout] 
[INFO] [stdout] error[E0412]: cannot find type `TokenAccount` in this scope
[INFO] [stdout]   --> programs/anchor_escrow01/src/lib.rs:74:59
[INFO] [stdout]    |
[INFO] [stdout] 74 |     pub initializer_receive_token_account: Account<'info, TokenAccount>,
[INFO] [stdout]    |                                                           ^^^^^^^^^^^^ not found in this scope
[INFO] [stdout]    |
[INFO] [stdout] help: consider importing this struct
[INFO] [stdout]    |
[INFO] [stdout] 1  + use anchor_spl::token::TokenAccount;
[INFO] [stdout]    |
[INFO] [stdout] 
[INFO] [stdout] 
[INFO] [stdout] error[E0433]: failed to resolve: use of undeclared type `AuthorityType`
[INFO] [stdout]   --> programs/anchor_escrow01/src/lib.rs:35:13
[INFO] [stdout]    |
[INFO] [stdout] 35 |             AuthorityType:: AccountOwner,
[INFO] [stdout]    |             ^^^^^^^^^^^^^ use of undeclared type `AuthorityType`
[INFO] [stdout]    |
[INFO] [stdout] help: consider importing this enum
[INFO] [stdout]    |
[INFO] [stdout] 7  +     use spl_token::instruction::AuthorityType;
[INFO] [stdout]    |
[INFO] [stdout] 
[INFO] [stdout] 
[INFO] [stdout] error[E0412]: cannot find type `TokenAccount` in this scope
[INFO] [stdout]   --> programs/anchor_escrow01/src/lib.rs:80:39
[INFO] [stdout]    |
[INFO] [stdout] 80 |     pub vault_account: Account<'info, TokenAccount>,
[INFO] [stdout]    |                                       ^^^^^^^^^^^^ not found in this scope
[INFO] [stdout]    |
[INFO] [stdout] help: consider importing this struct
[INFO] [stdout]    |
[INFO] [stdout] 1  + use anchor_spl::token::TokenAccount;
[INFO] [stdout]    |
[INFO] [stdout] 
[INFO] [stdout] 
[INFO] [stdout] error[E0412]: cannot find type `Mint` in this scope
[INFO] [stdout]   --> programs/anchor_escrow01/src/lib.rs:82:30
[INFO] [stdout]    |
[INFO] [stdout] 82 |     pub mint: Account<'info, Mint>,
[INFO] [stdout]    |                              ^^^^ not found in this scope
[INFO] [stdout]    |
[INFO] [stdout] help: consider importing one of these items
[INFO] [stdout]    |
[INFO] [stdout] 1  + use anchor_spl::token::Mint;
[INFO] [stdout]    |
[INFO] [stdout] 1  + use spl_token::state::Mint;
[INFO] [stdout]    |
[INFO] [stdout] 
[INFO] [stdout] 
[INFO] [stdout] error[E0412]: cannot find type `TokenAccount` in this scope
[INFO] [stdout]   --> programs/anchor_escrow01/src/lib.rs:72:59
[INFO] [stdout]    |
[INFO] [stdout] 72 |     pub initializer_deposit_token_account: Account<'info, TokenAccount>,
[INFO] [stdout]    |                                                           ^^^^^^^^^^^^ not found in this scope
[INFO] [stdout]    |
[INFO] [stdout] help: consider importing this struct
[INFO] [stdout]    |
[INFO] [stdout] 1  + use anchor_spl::token::TokenAccount;
[INFO] [stdout]    |
[INFO] [stdout] 
[INFO] [stdout] 
[INFO] [stdout] error[E0412]: cannot find type `TokenAccount` in this scope
[INFO] [stdout]   --> programs/anchor_escrow01/src/lib.rs:94:59
[INFO] [stdout]    |
[INFO] [stdout] 94 |     pub initializer_deposit_token_account: Account<'info, TokenAccount>,
[INFO] [stdout]    |                                                           ^^^^^^^^^^^^ not found in this scope
[INFO] [stdout]    |
[INFO] [stdout] help: consider importing this struct
[INFO] [stdout]    |
[INFO] [stdout] 1  + use anchor_spl::token::TokenAccount;
[INFO] [stdout]    |
[INFO] [stdout] 
[INFO] [stdout] 
[INFO] [stdout] error[E0412]: cannot find type `TokenAccount` in this scope
[INFO] [stdout]   --> programs/anchor_escrow01/src/lib.rs:74:59
[INFO] [stdout]    |
[INFO] [stdout] 74 |     pub initializer_receive_token_account: Account<'info, TokenAccount>,
[INFO] [stdout]    |                                                           ^^^^^^^^^^^^ not found in this scope
[INFO] [stdout]    |
[INFO] [stdout] help: consider importing this struct
[INFO] [stdout]    |
[INFO] [stdout] 1  + use anchor_spl::token::TokenAccount;
[INFO] [stdout]    |
[INFO] [stdout] 
[INFO] [stdout] 
[INFO] [stdout] error[E0412]: cannot find type `TokenAccount` in this scope
[INFO] [stdout]   --> programs/anchor_escrow01/src/lib.rs:96:39
[INFO] [stdout]    |
[INFO] [stdout] 96 |     pub vault_account: Account<'info, TokenAccount>,
[INFO] [stdout]    |                                       ^^^^^^^^^^^^ not found in this scope
[INFO] [stdout]    |
[INFO] [stdout] help: consider importing this struct
[INFO] [stdout]    |
[INFO] [stdout] 1  + use anchor_spl::token::TokenAccount;
[INFO] [stdout]    |
[INFO] [stdout] 
[INFO] [stdout] 
[INFO] [stdout] error[E0412]: cannot find type `TokenAccount` in this scope
[INFO] [stdout]    --> programs/anchor_escrow01/src/lib.rs:110:53
[INFO] [stdout]     |
[INFO] [stdout] 110 |     pub taker_deposit_token_account: Account<'info, TokenAccount>,
[INFO] [stdout]     |                                                     ^^^^^^^^^^^^ not found in this scope
[INFO] [stdout]     |
[INFO] [stdout] help: consider importing this struct
[INFO] [stdout]     |
[INFO] [stdout] 1   + use anchor_spl::token::TokenAccount;
[INFO] [stdout]     |
[INFO] [stdout] 
[INFO] [stdout] 
[INFO] [stdout] error[E0412]: cannot find type `TokenAccount` in this scope
[INFO] [stdout]    --> programs/anchor_escrow01/src/lib.rs:112:53
[INFO] [stdout]     |
[INFO] [stdout] 112 |     pub taker_receive_token_account: Account<'info, TokenAccount>,
[INFO] [stdout]     |                                                     ^^^^^^^^^^^^ not found in this scope
[INFO] [stdout]     |
[INFO] [stdout] help: consider importing this struct
[INFO] [stdout]     |
[INFO] [stdout] 1   + use anchor_spl::token::TokenAccount;
[INFO] [stdout]     |
[INFO] [stdout] 
[INFO] [stdout] 
[INFO] [stdout] error[E0412]: cannot find type `TokenAccount` in this scope
[INFO] [stdout]    --> programs/anchor_escrow01/src/lib.rs:114:59
[INFO] [stdout]     |
[INFO] [stdout] 114 |     pub initializer_deposit_token_account: Account<'info, TokenAccount>,
[INFO] [stdout]     |                                                           ^^^^^^^^^^^^ not found in this scope
[INFO] [stdout]     |
[INFO] [stdout] help: consider importing this struct
[INFO] [stdout]     |
[INFO] [stdout] 1   + use anchor_spl::token::TokenAccount;
[INFO] [stdout]     |
[INFO] [stdout] 
[INFO] [stdout] 
[INFO] [stdout] error[E0412]: cannot find type `TokenAccount` in this scope
[INFO] [stdout]    --> programs/anchor_escrow01/src/lib.rs:116:59
[INFO] [stdout]     |
[INFO] [stdout] 116 |     pub initializer_recieve_token_account: Account<'info, TokenAccount>,
[INFO] [stdout]     |                                                           ^^^^^^^^^^^^ not found in this scope
[INFO] [stdout]     |
[INFO] [stdout] help: consider importing this struct
[INFO] [stdout]     |
[INFO] [stdout] 1   + use anchor_spl::token::TokenAccount;
[INFO] [stdout]     |
[INFO] [stdout] 
[INFO] [stdout] 
[INFO] [stdout] error[E0412]: cannot find type `TokenAccount` in this scope
[INFO] [stdout]    --> programs/anchor_escrow01/src/lib.rs:123:39
[INFO] [stdout]     |
[INFO] [stdout] 123 |     pub vault_account: Account<'info, TokenAccount>,
[INFO] [stdout]     |                                       ^^^^^^^^^^^^ not found in this scope
[INFO] [stdout]     |
[INFO] [stdout] help: consider importing this struct
[INFO] [stdout]     |
[INFO] [stdout] 1   + use anchor_spl::token::TokenAccount;
[INFO] [stdout]     |
[INFO] [stdout] 
[INFO] [stdout] 
[INFO] [stdout] error[E0412]: cannot find type `TokenAccount` in this scope
[INFO] [stdout]   --> programs/anchor_escrow01/src/lib.rs:80:39
[INFO] [stdout]    |
[INFO] [stdout] 80 |     pub vault_account: Account<'info, TokenAccount>,
[INFO] [stdout]    |                                       ^^^^^^^^^^^^ not found in this scope
[INFO] [stdout]    |
[INFO] [stdout] help: consider importing this struct
[INFO] [stdout]    |
[INFO] [stdout] 1  + use anchor_spl::token::TokenAccount;
[INFO] [stdout]    |
[INFO] [stdout] 
[INFO] [stdout] 
[INFO] [stdout] error[E0412]: cannot find type `Mint` in this scope
[INFO] [stdout]   --> programs/anchor_escrow01/src/lib.rs:82:30
[INFO] [stdout]    |
[INFO] [stdout] 82 |     pub mint: Account<'info, Mint>,
[INFO] [stdout]    |                              ^^^^ not found in this scope
[INFO] [stdout]    |
[INFO] [stdout] help: consider importing one of these items
[INFO] [stdout]    |
[INFO] [stdout] 1  + use anchor_spl::token::Mint;
[INFO] [stdout]    |
[INFO] [stdout] 1  + use spl_token::state::Mint;
[INFO] [stdout]    |
[INFO] [stdout] 
[INFO] [stdout] 
[INFO] [stdout] error[E0412]: cannot find type `TokenAccount` in this scope
[INFO] [stdout]   --> programs/anchor_escrow01/src/lib.rs:94:59
[INFO] [stdout]    |
[INFO] [stdout] 94 |     pub initializer_deposit_token_account: Account<'info, TokenAccount>,
[INFO] [stdout]    |                                                           ^^^^^^^^^^^^ not found in this scope
[INFO] [stdout]    |
[INFO] [stdout] help: consider importing this struct
[INFO] [stdout]    |
[INFO] [stdout] 1  + use anchor_spl::token::TokenAccount;
[INFO] [stdout]    |
[INFO] [stdout] 
[INFO] [stdout] 
[INFO] [stdout] error[E0412]: cannot find type `TokenAccount` in this scope
[INFO] [stdout]   --> programs/anchor_escrow01/src/lib.rs:96:39
[INFO] [stdout]    |
[INFO] [stdout] 96 |     pub vault_account: Account<'info, TokenAccount>,
[INFO] [stdout]    |                                       ^^^^^^^^^^^^ not found in this scope
[INFO] [stdout]    |
[INFO] [stdout] help: consider importing this struct
[INFO] [stdout]    |
[INFO] [stdout] 1  + use anchor_spl::token::TokenAccount;
[INFO] [stdout]    |
[INFO] [stdout] 
[INFO] [stdout] 
[INFO] [stdout] error[E0412]: cannot find type `TokenAccount` in this scope
[INFO] [stdout]    --> programs/anchor_escrow01/src/lib.rs:110:53
[INFO] [stdout]     |
[INFO] [stdout] 110 |     pub taker_deposit_token_account: Account<'info, TokenAccount>,
[INFO] [stdout]     |                                                     ^^^^^^^^^^^^ not found in this scope
[INFO] [stdout]     |
[INFO] [stdout] help: consider importing this struct
[INFO] [stdout]     |
[INFO] [stdout] 1   + use anchor_spl::token::TokenAccount;
[INFO] [stdout]     |
[INFO] [stdout] 
[INFO] [stdout] 
[INFO] [stdout] error[E0412]: cannot find type `TokenAccount` in this scope
[INFO] [stdout]    --> programs/anchor_escrow01/src/lib.rs:112:53
[INFO] [stdout]     |
[INFO] [stdout] 112 |     pub taker_receive_token_account: Account<'info, TokenAccount>,
[INFO] [stdout]     |                                                     ^^^^^^^^^^^^ not found in this scope
[INFO] [stdout]     |
[INFO] [stdout] help: consider importing this struct
[INFO] [stdout]     |
[INFO] [stdout] 1   + use anchor_spl::token::TokenAccount;
[INFO] [stdout]     |
[INFO] [stdout] 
[INFO] [stdout] 
[INFO] [stdout] error[E0412]: cannot find type `TokenAccount` in this scope
[INFO] [stdout]    --> programs/anchor_escrow01/src/lib.rs:114:59
[INFO] [stdout]     |
[INFO] [stdout] 114 |     pub initializer_deposit_token_account: Account<'info, TokenAccount>,
[INFO] [stdout]     |                                                           ^^^^^^^^^^^^ not found in this scope
[INFO] [stdout]     |
[INFO] [stdout] help: consider importing this struct
[INFO] [stdout]     |
[INFO] [stdout] 1   + use anchor_spl::token::TokenAccount;
[INFO] [stdout]     |
[INFO] [stdout] 
[INFO] [stdout] 
[INFO] [stdout] error[E0412]: cannot find type `TokenAccount` in this scope
[INFO] [stdout]    --> programs/anchor_escrow01/src/lib.rs:116:59
[INFO] [stdout]     |
[INFO] [stdout] 116 |     pub initializer_recieve_token_account: Account<'info, TokenAccount>,
[INFO] [stdout]     |                                                           ^^^^^^^^^^^^ not found in this scope
[INFO] [stdout]     |
[INFO] [stdout] help: consider importing this struct
[INFO] [stdout]     |
[INFO] [stdout] 1   + use anchor_spl::token::TokenAccount;
[INFO] [stdout]     |
[INFO] [stdout] 
[INFO] [stdout] 
[INFO] [stdout] error[E0412]: cannot find type `TokenAccount` in this scope
[INFO] [stdout]    --> programs/anchor_escrow01/src/lib.rs:123:39
[INFO] [stdout]     |
[INFO] [stdout] 123 |     pub vault_account: Account<'info, TokenAccount>,
[INFO] [stdout]     |                                       ^^^^^^^^^^^^ not found in this scope
[INFO] [stdout]     |
[INFO] [stdout] help: consider importing this struct
[INFO] [stdout]     |
[INFO] [stdout] 1   + use anchor_spl::token::TokenAccount;
[INFO] [stdout]     |
[INFO] [stdout] 
[INFO] [stdout] 
[INFO] [stdout] error[E0433]: failed to resolve: use of undeclared crate or module `token`
[INFO] [stdout]   --> programs/anchor_escrow01/src/lib.rs:33:9
[INFO] [stdout]    |
[INFO] [stdout] 33 |         token::set_authority(
[INFO] [stdout]    |         ^^^^^ use of undeclared crate or module `token`
[INFO] [stdout] 
[INFO] [stdout] 
[INFO] [stdout] error[E0433]: failed to resolve: use of undeclared crate or module `token`
[INFO] [stdout]   --> programs/anchor_escrow01/src/lib.rs:33:9
[INFO] [stdout]    |
[INFO] [stdout] 33 |         token::set_authority(
[INFO] [stdout]    |         ^^^^^ use of undeclared crate or module `token`
[INFO] [stdout] 
[INFO] [stdout] 
[INFO] [stdout] error[E0599]: no method named `into_set_authority_context` found for mutable reference `&mut Initialize<'_>` in the current scope
[INFO] [stdout]   --> programs/anchor_escrow01/src/lib.rs:34:26
[INFO] [stdout]    |
[INFO] [stdout] 34 |             ctx.accounts.into_set_authority_context(),
[INFO] [stdout]    |                          ^^^^^^^^^^^^^^^^^^^^^^^^^^ method not found in `&mut Initialize<'_>`
[INFO] [stdout] 
[INFO] [stdout] 
[INFO] [stdout] error[E0433]: failed to resolve: use of undeclared crate or module `token`
[INFO] [stdout]   --> programs/anchor_escrow01/src/lib.rs:39:9
[INFO] [stdout]    |
[INFO] [stdout] 39 |         token::transfer(
[INFO] [stdout]    |         ^^^^^ use of undeclared crate or module `token`
[INFO] [stdout] 
[INFO] [stdout] 
[INFO] [stdout] error[E0599]: no method named `into_set_authority_context` found for mutable reference `&mut Initialize<'_>` in the current scope
[INFO] [stdout]   --> programs/anchor_escrow01/src/lib.rs:34:26
[INFO] [stdout]    |
[INFO] [stdout] 34 |             ctx.accounts.into_set_authority_context(),
[INFO] [stdout]    |                          ^^^^^^^^^^^^^^^^^^^^^^^^^^ method not found in `&mut Initialize<'_>`
[INFO] [stdout] 
[INFO] [stdout] 
[INFO] [stdout] error[E0433]: failed to resolve: use of undeclared crate or module `token`
[INFO] [stdout]   --> programs/anchor_escrow01/src/lib.rs:39:9
[INFO] [stdout]    |
[INFO] [stdout] 39 |         token::transfer(
[INFO] [stdout]    |         ^^^^^ use of undeclared crate or module `token`
[INFO] [stdout] 
[INFO] [stdout] 
[INFO] [stdout] error[E0599]: no method named `into_transfer_to_pda_context` found for mutable reference `&mut Initialize<'_>` in the current scope
[INFO] [stdout]   --> programs/anchor_escrow01/src/lib.rs:40:26
[INFO] [stdout]    |
[INFO] [stdout] 40 |             ctx.accounts.into_transfer_to_pda_context(),
[INFO] [stdout]    |                          ^^^^^^^^^^^^^^^^^^^^^^^^^^^^ method not found in `&mut Initialize<'_>`
[INFO] [stdout] 
[INFO] [stdout] 
[INFO] [stdout] error[E0599]: no method named `into_transfer_to_pda_context` found for mutable reference `&mut Initialize<'_>` in the current scope
[INFO] [stdout]   --> programs/anchor_escrow01/src/lib.rs:40:26
[INFO] [stdout]    |
[INFO] [stdout] 40 |             ctx.accounts.into_transfer_to_pda_context(),
[INFO] [stdout]    |                          ^^^^^^^^^^^^^^^^^^^^^^^^^^^^ method not found in `&mut Initialize<'_>`
[INFO] [stdout] 
[INFO] [stdout] 
[INFO] [stdout] error: aborting due to 16 previous errors
[INFO] [stdout] 
[INFO] [stdout] 
[INFO] [stdout] Some errors have detailed explanations: E0412, E0433, E0599.
[INFO] [stdout] 
[INFO] [stdout] For more information about an error, try `rustc --explain E0412`.
[INFO] [stdout] 
[INFO] [stderr] error: could not compile `anchor_escrow01` (lib test) due to 17 previous errors
[INFO] [stderr] warning: build failed, waiting for other jobs to finish...
[INFO] [stdout] error: aborting due to 16 previous errors
[INFO] [stdout] 
[INFO] [stdout] 
[INFO] [stdout] Some errors have detailed explanations: E0412, E0433, E0599.
[INFO] [stdout] 
[INFO] [stdout] For more information about an error, try `rustc --explain E0412`.
[INFO] [stdout] 
[INFO] [stderr] error: could not compile `anchor_escrow01` (lib) due to 17 previous errors
[INFO] running `Command { std: "docker" "inspect" "d1671e99813bb1e67ab8d0d0c49fda49cf8c8157d14232cd1c77a9bd2e8147c4", kill_on_drop: false }`
[INFO] running `Command { std: "docker" "rm" "-f" "d1671e99813bb1e67ab8d0d0c49fda49cf8c8157d14232cd1c77a9bd2e8147c4", kill_on_drop: false }`
[INFO] [stdout] d1671e99813bb1e67ab8d0d0c49fda49cf8c8157d14232cd1c77a9bd2e8147c4
